-8
What is the value of 116 + 0 - ((-2 - -17) + (45 - 49)) - -5?
110
Calculate 121 + -112 + (44 - -37) + (1 - -17).
108
18 - 8 - (-12 - -18) - (4 - 2 - -35)
-33
Calculate -1 + (15 + 15 + -22 - (61 - 0)) - -4.
-50
Calculate 54 + -9 + (7 + 1 - (-1 + (31 - 19))).
42
Calculate -43 + (0 + -4 - -21) + -19 + -3.
-48
-7 + 70 + -16 + (4 - 6) + -8
37
Evaluate 15 + (5 + -13 - (-22 + 5)).
24
What is the value of -2 + (1 - (5 + -6) - 10) + 33?
23
Evaluate 46 - (104 - 94 - 13).
49
-77 + 28 + 53 - 55
-51
What is -903 + 909 + (5 - (4 - -20))?
-13
Calculate 4 - ((225 - 169) + 16 + -10 + 5).
-63
Calculate (-1 - 24 - (2066 + -2130)) + -1 + 0.
38
(83 - (-55 + 82)) + 4
60
Evaluate 2 - -19 - (-17 + 72 - 62).
28
What is -7 + -4 + (3 - (-5 - (5 - -42)))?
44
What is the value of 79 + (51 - 184) + 68?
14
Calculate 11 + 4 + 5 - 14 - (2 + 3 + -3).
4
What is the value of -7 - (-28 + -16 + 17) - 58?
-38
What is the value of -27 - (-112 + -57 - -71)?
71
What is the value of -8 + (-82 - -91) + -62?
-61
16 + -7 + 30 + 15 + -22
32
What is the value of -4 - (58 + -5) - ((10 - 1) + (-100 - -98))?
-64
29 + (-11 - 46) - (-6 - 1 - 2)
-19
Calculate 1 - 8 - ((-67 - -55) + 21 - 126).
110
Calculate (15 - 139) + (-3 - -8).
-119
Calculate (4 + (-7 - -9) - -5) + (-2 - 8) + -36.
-35
What is the value of 10 + 8 + (-18 - -8) + 41?
49
What is -448 + 434 + (-2 - 15) + 12?
-19
Calculate -307 + 298 - (37 + (-1 - -3) + (-5 - -5)).
-48
-105 + -4 + 53 + 59
3
Calculate 14 + 2 + 4 + -7 + 1 - (-5 + -38).
57
What is (-437 - -410) + (4 - (-2 - -21))?
-42
What is -110 + 8 - (-3 + 5)?
-104
Evaluate 26 + -97 + -2 + 8 - (4 + 2).
-71
What is (-1 + -1 + 0 - (-179 - -125)) + -11 + 18?
59
What is the value of 46 - 137 - -103 - (1 + -34)?
45
What is the value of 61 + (49 - 155) - -74?
29
What is the value of (-5 - (-3 + 7)) + (-6 - (-6 + -5))?
-4
Evaluate -272 + 224 - (6 - 41).
-13
What is 4 + 34 - (-10 + 41 - 37)?
44
Evaluate -152 - -150 - ((1 - (-36 - 1)) + -11 + 7).
-36
-71 - (13 + (-68 - -82 - (16 - -1)))
-81
Calculate -134 - (13 - (140 + -67)).
-74
-5 - (0 + -36 + 59 - 30)
2
Evaluate (-4 - (3 + 3)) + (7 - (-1 - 4)) - 33.
-31
Evaluate 49 + (24 - 94) + 8 + 1 - (1 + 74).
-87
What is -48 + 4 - (-18 + 3 + 4 + 5)?
-38
What is the value of 9 + -44 + 113 - 27?
51
-2 + 13 - (-5 - ((-55 - -53) + (-1 - 5)))
8
What is the value of 77 + -26 - 25 - 93 - -15?
-52
What is the value of (2 - 1 - 1) + -2 + 11 + 305 + -322?
-8
-13 - (18 + -79 + 27 - 32)
53
What is 53 - (-42 - -44) - 87?
-36
Evaluate 26 - -4 - (-562 + 570).
22
What is the value of -105 + (-13 - -79) + 41?
2
What is the value of 10 - (-6 + 20 + 1) - (-56 - (-1 + 0))?
50
What is the value of -10137 - -10195 - (20 + -2 + 0 + -2)?
42
What is (-51 - -51) + 8 - ((-4 + -1 - 54) + 3)?
64
What is the value of 26 + 59 + -102 + (0 - -2) + (-12 - -3)?
-24
Calculate (11 - (67 + -35)) + 6.
-15
Calculate -42 + 9 + -110 + (0 - -25) + 17.
-101
Calculate 11 - (14 - (477 + -479 + -1 + 99)).
93
What is -1 + (1 - 2 - 0) - (73 + -77 + -57)?
59
Evaluate (9 - 19) + -4 - (525 - 509).
-30
What is -18 - ((41 - 87) + 26)?
2
Calculate -33 + -8 - (7 + -20) - (2 - 0).
-30
Evaluate ((-1 - 2) + (-14 - -14) - 40 - 4) + -11.
-58
-60 + 31 + 78 - 80
-31
Evaluate -29 - (-32 + -67) - 73.
-3
Calculate (1316 - 1307 - (-1 + 9)) + 53.
54
-23 + -26 - (-19 + -2) - -45
17
Evaluate -24 + -52 + 31 - -89.
44
Evaluate 9 + 43 + (-43 - 24).
-15
What is 0 - 4 - (-3 - -52 - (-36 + 99 + -68))?
-58
What is (-14 - -1) + 111 + (-24 - -9 - -5)?
88
Calculate -2 + -10 - ((-140 - -160) + (1 - 37) + 46).
-42
134 + (-13 - 6) - (36 + 0 - 27)
106
Evaluate -44 - (39 - (125 + 14)).
56
What is 27 + -2 - (1483 + -1502)?
44
Calculate -17 + 0 + (-6 - (18 + -15 + -11)).
-15
What is the value of 23 - (39 + 24) - (1 + 2 + -7 + 2)?
-38
(23 - (32 - -18)) + 18
-9
What is the value of -11 - (-8 - (8 + -9)) - (2 + -3 - -6)?
-9
Evaluate 20 - (161 - 204 - (-2 - 23)).
38
7 + 0 - ((-39 - 19 - -50) + -3)
18
Calculate 71 + -6 + (-37 - -4 - -10).
42
Calculate 0 + (20 - -59) + -25 + 28.
82
What is the value of -12 + (-26 - -38 - -59)?
59
What is the value of 2 + (3 - (11 + 2 + 1))?
-9
Calculate 67 - 76 - (1 - 22).
12
What is (-46 + 112 - 81) + 60?
45
140 - (91 - 48) - 146
-49
Calculate -36 - (-4 - 29) - 28.
-31
What is the value of (42 - ((-35 - -111) + -37)) + (-2 + 7 - 4)?
4
What is 0 - 3 - (-2 - 1) - (1476 - 1467)?
-9
What is (-1 - 59) + -13 + (-18 - -2) + 32?
-57
Calculate -11 - (-11 + 4 + (21 - 34)).
9
What is (2 - 8) + (-102 - -121) + 80?
93
What is 14 + (-20 - -8) + 8 - ((0 - 35) + -4)?
49
Evaluate -12 + (-3 + 16 + -6 + 0 - -1).
-4
Evaluate -8 + 5 - 10 - (56 + -14 + -8).
-47
What is -7 - (-7 + 12 + -6) - (14 + 3 + -9)?
-14
Calculate (5 - (47 - 23)) + 32 + (3 - -36).
52
Evaluate -128 + 1 + 19 + -15 + -2 + -1 - -14.
-112
Calculate 84237 + -84230 + (88 - (0 - 1)).
96
Calculate -64 + 58 + -1 + (-4 - -14).
3
Calculate -4 + -1 + 55 + -16 + (2 - -2).
38
What is (-440 - -215) + 99 + -5?
-131
Evaluate 0 + 9 - 81 - (-19 + 47 + -35).
-65
What is the value of (6 - 9) + (11 + -17 - 0)?
-9
Evaluate 7 - (-43 - 80 - (-22 + -14)).
94
Calculate 0 + 79 + (46 - 5) - 16.
104
What is the value of (2 - -11 - (-4 + 10 - -93)) + 8?
-78
2 - (0 + -12 + 11 + 26 - 6)
-17
What is 150 + -213 + -2 + 28?
-37
What is the value of -64 + -3 + -22 + 20 - -21?
-48
What is the value of 106 + (-168 - -63) - (3 + -3 + 51)?
-50
What is 19 - (9 + (1 - 65) + 188 + -189)?
75
Calculate -22 - -42 - 31 - -31.
20
What is 2 + -4 - (-31 + 34 - -24) - 5?
-34
Calculate -5 + 0 + -34 + (-17 - (26 - 49)) + 14.
-19
Calculate (30 - 13) + -2 + (-33 - -9) - -134.
125
What is the value of 61 + -68 - 57 - -101?
37
-22 - (-3 + (21 - 63)) - (-2 + -1 + -5)
31
What is the value of 1 + (-2 - -15) + -11 - (16 - -18)?
-31
(47 - 1) + (-2041 - -1962)
-33
What is 26 + 2 - (-200 + 223)?
5
Evaluate 9 - (-67 + (17 - 3) - -5 - 7).
64
-13 + (5 + 5 - (10 - -8))
-21
Calculate (25 - (31 + 20)) + 43 - (97 + 2).
-82
What is 1 + -37 - (-22 - ((-21 - -38) + -26))?
-23
Calculate -18 - ((78 - 77) + (2 - 12)).
-9
-367 - -306 - (2 - -7)
-70
What is the value of -31 - 0 - (754 + -721) - -18?
-46
What is the value of (108 - 0) + (2482 - 2495)?
95
(24 - -7 - 27) + -1 + -98 - 10
-105
What is the value of (100 - 57) + -1 + -34?
8
What is the value of 3 + -17 + (1415 - 1381)?
20
What is the value of 47 - (-35 + 91 + -36)?
27
Calculate 2 + (-1595 + 1542 - (-1 + 3 - 14)).
-39
16 + -88 - -61 - -43
32
Evaluate 4 + (-3 - -2) + 0 - (-35 + (8 - 4)).
34
What is the value of 10 + (15 - 15) - 30?
-20
What is (-14 - -85) + -79 + 2 + -11?
-17
What is 37 - (-3 + 1) - 6 - (-2 - 12)?
47
Evaluate -27 - (16 + 34 + (18 - 9)).
-86
What is the value of -3 + (3 - (12 - (-7 + 1))) - 48?
-66
Calculate -14 + (-120 - -123 - (2 - 0 - 92)).
79
7 - 0 - (-439 + 488)
-42
What is the value of 10 + 0 + 23 + -43 + 6 - -54?
50
Evaluate -5 - ((-19 - -20) + -25).
19
30 - -22 - 29 - 66
-43
What is the value of (1 - -20) + -1 + -3 + -85 + -45 + 117?
4
What is 7393 - 7397 - (86 - -2)?
-92
What is the value of -13 - (4 - 43 - -58)?
-32
Calculate (-23 - -21 - -23) + -11.
10
Calculate (-113 - (57 + (16 - 63))) + -1 + 1 + -4.
-127
Evaluate (-6 - 32 - (-25 - -18)) + -1.
-32
What is the value of -17 + 1 + 1 + 7 + (4 - -9)?
5
What is 37 + -19 + (23 - 49) + (-1 - 0)?
-9
What is -76 + 60 + 18 + (-81 - 3)?
-82
105 + -128 + 18 + 11
6
27 + 2 + 10 + -94
-55
-67 + 81 + (-21 - 11)
-18
What is the value of (4 - -24) + -82 + 44 + (-33 - 1)?
-44
Calculate (-29 - -36) + -27 + 8 + -9.
-21
Calculate -83 - -67 - (-7 + 3 + -17).
5
Calculate 31 + -38 + -17 + 0 + -8 + 5.
-27
What is the value of -8 + (-2 + 1 + 22 + -2 - (91 + -98))?
18
What is -1672 + 1661 - (1 - 55)?
43
What is 9 + -17 - 43 - (-23 + -15 + 17 - -7)?
-37
What is the value of -1864 - -1816 - (3 + (1 - 1 - 17))?
-34
4 - -17 - 5 - -14 - (1 - -2)
27
Evaluate -92 + (-5 + 28 - 22) + -22.
-113
What is 14 + (-29 + 8 - -22) + -1 + -50?
-36
Calculate (-18 - 8) + 8 + 11 - 22.
-29
What is the value of 0 + 8 - (6 + -13 - -11)?
4
Evaluate 6 + -6 + 7 + 49 + (16 - 19 - -7).
60
-28 - (19 - 17 - (67 + 0))
37
Calculate -75 - (-230 + 155 + -67).
67
What is (45 - (25 + -26 + (2 - -11))) + 8?
41
Evaluate 31 + (-24 - (-11 + -1)) + -6 - -57.
70
Evaluate 43 + -16 - 26 - 20.
-19
-36 - (-3 + 4 + (-12 - 8 - -10)) - 9
-36
Calculate 1 - 15 - (-365 + 367)